(10 - -3 - (-8 - -7 - -5)) + -2
7
What is 82 + (81 - 176) - (-4 - (-1 - -3) - -1)?
-8
Evaluate (64 - -1) + (22 - (13 - 37) - 39).
72
What is the value of 62 + (-6 - (9 + -3)) + -8 - 15?
27
Calculate -48 - (134 - 154 - (1 + -4 + -2)).
-33
What is the value of (-1 + -2 - ((-4 - -109) + 3)) + (-7238 - -7240)?
-109
What is 8 + (-10 - 7) + 108 + 5 + (17 - 17)?
104
Calculate -2 + 2 + 1 + -58 + -7 + 10.
-54
What is (106 - 97) + 1 + 2 + -60?
-48
Evaluate -4 + (-3 - -13 - -45) + -15 + 2.
38
What is 15 + -1 + (264 + -48 - 244)?
-14
Calculate -26 + -49 - (0 + 2 + (-7 - 3) + 10).
-77
What is the value of 2 - (2 + 1) - (8 - -5) - (-25 - 4)?
15
Calculate -2 - (-30 - (27 - 104) - -3).
-52
What is -390 + 218 + 166 - (0 - 86)?
80
Evaluate 5 + (-2 + 9 - (140 + -70 - (0 + -1))).
-59
Calculate 2 + -16 + (70 - 29) + -40 + 16.
3
Calculate -36 - ((-6 - 1) + 9 + (5 - (6 - 2))).
-39
Calculate 28 + (-9 - -11) + 6 - (1 - -4).
31
Calculate (11 - 1) + -1855 + 1816.
-29
Evaluate -7 + 39 + (-5 - -22 - -1).
50
What is 48 + -4 - (27 + (31 + -98 - -28))?
56
What is the value of -96 + 9 - (152 + -286)?
47
Evaluate -93 + 3 - 58 - -72.
-76
What is 5 - 1 - 0 - (-121 + (94 - -46))?
-15
What is the value of 129 + (0 + 18 + -35 + 7 - -5)?
124
What is the value of (4 - 3) + (-38 + 66 + -39 - (14 + 1))?
-25
What is 83 + -34 + -87 - -9?
-29
Evaluate (92 - 7) + -1601 + 1547.
31
What is -31 - (10 - (-120 - (47 - 79)))?
-129
54 - 3 - (-2 + 6 - (-1 + -4))
42
Evaluate 8 + ((-4 - 1) + 51 - (12 + -9 + -7)).
58
Calculate 16 + -95 - (-279 + 231).
-31
What is the value of -73 + (144 - (-168 + 142))?
97
What is -60 + (-20 - -96) + -41?
-25
Calculate -12 + -53 - ((-33 - -80) + -37).
-75
What is 40 - 45 - (0 + 4 + 0) - (2 - -79)?
-90
Evaluate 26 - 14 - 6 - (2 + (48 - 0) + -2).
-42
What is the value of (-1 - 28 - -36) + -1 + 12 + -150?
-132
Evaluate 31 + -135 + 138 - -108.
142
Evaluate 8 + (-36 - -30) - 71.
-69
Calculate (-17 - 0) + -2820 + 2940.
103
What is (-120 - (-136 - 37)) + -12 + 1?
42
0 + 19 + (595 - 587)
27
What is -456 + 399 + 3 + 18?
-36
Evaluate -2 + 7 - 28 - ((-6 - 5 - 1) + 8).
-19
Calculate -45 + (8 + 31 - -19).
13
(34 - 48) + 33 + -1
18
What is 18 - (-51 - -84) - (0 - 5) - (10 + -1)?
-19
Calculate -78 + 13 + 42 + 133 - -10.
120
What is the value of (17717 - 17632) + (-1 - 33)?
51
(-95 - -68) + 35 + -4 - 42
-38
What is -85 - 8 - (-1144 - -1120)?
-69
Evaluate 11 - (74 + -26) - (9 + 24).
-70
What is -4 - -1 - (-12 + 2 + 266 + -268) - 2?
7
Calculate (1 - -64) + (-7 - -8) + (-2 - -13).
77
Evaluate (-1 - -1) + (-116 - -184 - 59).
9
What is the value of 46 + -89 + 23 + 25?
5
59 + (-28 - (8 - (28 + 43)))
94
What is the value of 30 + -47 - 7 - (-20 + 59)?
-63
What is 8 + (-8 - -11) - (-214 + 188)?
37
Evaluate (-22 - -15 - -54) + -75 + (0 - -2).
-26
What is the value of -17 - (-11 + 19 + -12 - (-6 - (10 - 3)))?
-26
What is (-54 - -2) + -4 + 1 + -4 - -5?
-54
(27 - 30) + 12 + 0 + (128 - 14)
123
Evaluate -3 + (-198 - (-161 - -22)).
-62
What is -14 + 22 + 92 + -51?
49
Calculate -89 + 120 + -41 - (-2 + 62).
-70
Calculate (4 - 0 - -56) + 61 + -63 + 19.
77
Evaluate 63 - (66 - (8 - -25)).
30
What is (-24 - 0) + (-131 - -121 - -37)?
3
Calculate 58 - (30 + (-24 - (-5 - -3))).
50
Evaluate (0 - (-23 + 10) - 31) + -46.
-64
What is 46 + 4 - (55 - 7) - (-30 + (0 - -1))?
31
6 + 27 + -28 - (0 + -1) - 17
-11
Calculate 235 - (97 + 5) - 21.
112
What is (14 - (38 + 9 - 16 - -13)) + -1 + 9?
-22
-15 + -11 + -14 + -2 + -10 + 3 + 5
-44
Calculate 15 + (-27 - (-14 - -8) - 49).
-55
Evaluate -1 - -42 - (49 - (-173 - -209)).
28
11 + -13 + 5 + -8
-5
Calculate 100 - 26 - (61 + -11).
24
2 + -7 + (124 - 105) - -13
27
(-33 - -50) + 10 + -42
-15
0 - -8 - (-48 + 7 + 7 + 10 + -13)
45
What is -946 + 956 + -59 + 1?
-48
(-55 - -53 - (-6 + 0) - 2) + -10 - 28
-36
What is the value of (-96 - 15) + 125 - 7?
7
Evaluate -280 + (350 - 61) - (-1 + (-1 - 26)).
37
Calculate -81 - (-6 - (-5 - (-7 - -20)) - (86 - 60)).
-67
(-4 - 0) + (-22 - (55 - (-38 - -65)))
-54
Calculate (15 + (9 + -15 - 17) - -53) + -2.
43
Evaluate (152 - 1 - (-59 + 38)) + -47.
125
What is the value of 7 + (46 + -30 + -27 - (0 + -87))?
83
Evaluate 13 + -57 + -8 - -79.
27
Calculate (3 - ((-9 - -2) + -23 + 18)) + -9.
6
22 + -57 - (10 + 42 + -20)
-67
Calculate 58 + (32 - -3 - 44) + (-3 - -1).
47
Evaluate -133 + 39 + 89 - 13.
-18
What is 5 + (-16 + 22 + -47 + -16 - 13)?
-65
Calculate -17 - (11 + (14 - 17) + -19).
-6
Calculate 34 + -43 + (2 + 50 - (-2 - -5)).
40
Evaluate -77 - (-1 - (138 + -79)).
-17
-863 - -848 - (-38 + 1) - (4 - (14 - -2))
34
What is the value of -70 + 114 + -171 + 89?
-38
Evaluate -5 + (0 + 16 - -2 - 102 - (-1 - -4)).
-92
Evaluate -36 - (-20 - 34) - 10.
8
Calculate -3 + 21 + -31 - (14 + -8 - 36).
17
Evaluate -8 - (-43 + (-19 + 32 - -3)).
19
5 - (6 + -14 - ((6 - 41) + 8))
-14
-10 - ((-99 - -12) + -4 + 12 - (-3 + 7))
73
What is 33 + (-11 - -1 - (-49 - -30)) + -13?
29
What is -89 + -140 + 115 - -39?
-75
Calculate -32 - ((-8 - -1) + (14 - 7) + 3).
-35
Calculate 11 + ((-4 - -12) + 5 - 20) - -52.
56
What is 50 - (13 + -33) - -31?
101
-206 + (109 + -117 - -104)
-110
What is the value of -5 - ((-3 - 27) + (-294 - -321) + (-2 - 54))?
54
-20 - -2 - (21 - ((21 - 19) + -43))
-80
What is the value of 16 + 1 + 4 + (7 - (-3 + 11))?
20
(3 - -11) + (-15 + 7 - 16)
-10
What is the value of 15 + (5 - (8 + 1) - -2) + -31 - -5?
-13
What is 30 + -63 + 35 - (7 + 0 + 0)?
-5
-6709 + 6692 - (0 + 87 - 1)
-103
What is -115 - -115 - (-33 - (1 - (9 + 1)))?
24
What is the value of -33 + 0 + (-2 + -23 - -21 - 1)?
-38
What is 36 + 7 + -27 - 85 - (-18 + 3)?
-54
Calculate 7 - (46 - 54 - (-14 + 1)) - (31 + 0).
-29
(8 + 8 + -4 - 23 - (-9 + 55)) + -9
-66
Evaluate -2 + -87 + (13 - (6 - 6)) - (-8 + 19).
-87
What is the value of (11 - -3) + -12 + 5 + 2 + (4 - 7)?
6
-16 + 43 + -24 + 33
36
What is the value of 65 + -14 + 100 + -173?
-22
What is 65 + -49 + 33 + -42?
7
What is 27 - ((78 - -37) + -93)?
5
-73 - (-100 + 28 + 90)
-91
(36 - 18) + (-32 - -4)
-10
What is the value of -76 + 116 + 84 + -34?
90
(-28 + 19 - ((-1 - (3 + 1)) + 4)) + -9
-17
9 + (-5 - -17) - (6 - -5) - 41
-31
104 - (-72 - -109 - (0 + 0))
67
Evaluate (9 - 12) + -16 + (16 - -2).
-1
1 - (36 - (-4 + 2)) - (54 + -57)
-34
36 - (87 - 119) - 50
18
Calculate 8 + (14 - (-2 + 12)) + -12 + -33.
-33
Evaluate (135 - 1) + -284 + 315 + -47 + 1.
119
Evaluate (118 - 78) + (-6 + 3 + (0 - 2) - 7).
28
What is -100 - -137 - (3 + -30 + 0)?
64
(-5 - (5 + -9) - 3) + -27 + 82
51
What is the value of 21 - (-164 + 171 - (0 + -40))?
-26
Evaluate (-62 + 2 - -6) + (-11 - -17 - -3).
-45
53 + (23 - (102 + 81))
-107
62 + -63 + (118 - 111)
6
What is -16 + (10 - (4 + (5 + -15 - -11))) + -4?
-15
Evaluate -60 + 66 - (5 + 4 + 3 - 0) - -140.
134
What is the value of (-4 - 11 - 4 - (-66 + -12)) + (1 - -1)?
61
What is 22 + -19 + 13 + -17 + 15 - 6?
8
Calculate 1231 - 1246 - (11 + -5 - 5 - 47).
31
Evaluate -122 + (0 + 1 - -4 - (-30 + -26 + 59)).
-120
Calculate 19 + (-30 - -61 - -5).
55
What is the value of -109 + 119 + (-115 - 11)?
-116
Evaluate 74 - 58 - (5 + 11 + 6).
-6
Evaluate (-157 - (-192 + 125)) + 117.
27
Calculate -3 - -23 - (-1539 - -1507).
52
6 - (-1 - -1) - 50 - (-62 - -82)
-64
-1 + 17 - (-169 + 82 - -80)
23
Evaluate 0 - -10 - (-48 - ((33 - 45) + -5 + 2)).
43
Evaluate 183 + -41 + -107 + -1.
34
Calculate (65 - 3 - ((8 - (8 - -3)) + -1)) + 6.
72
Calculate -5 - 1 - (37 + -21) - 4.
-26
What is the value of -127 + 84 + (3 - 20) + -50?
-110
8 - 17 - (-83 + -3 + 4 - (-22 - -33))
84
(69 - -55) + (-9 + 4 - 27)
92
What is -8 + 51 - 23 - -20 - (5 - 2)?
37
(2 + -13 - -1) + -3 + -49
-62
Calculate -30 - 44 - ((5 - 13) + -5).
-61
Calculate (1 - 0) + 773 + -764 + (-54 - -1).
-43
Evaluate 22 - (8 + (-2 - -5 - 10) + 0).
21
Calculate (-1370 - -1300) + -1 + 21 - (-10 + 3 + 1).
-44
Calculate -1291 + 1311 + (1 - 67).
-46
What is the value of -2 + 28 - ((-115 - -248) + -63)?
-44
What is 9 + -3 - (19 - ((-10 - -2) + 24))?
3
What is 21 - (105 - 179) - 80?
15
What is (-89 - (-177 + 94)) + 74?
68
Calculate 72 + (3 - (-5 - 8 - -23)).
65
-45 - (3 - 17 - -8 - -7) - (-271 + 280)
-55
What is -94 + 6 + 321 + -251?
-18
Calculate 74 - 61 - (-7 + (-24 - -46)).
-2
0 - -94 - (304 - (256 - -38))
84
Calculate -6 + (-14 - -11) + -12 + -11 + 12 + 130.
110
11 + (117 - (22 - -22))
84
Evaluate 48 - -36 - (-3 +